{"id":73,"date":"2016-08-08T11:12:44","date_gmt":"2016-08-08T11:12:44","guid":{"rendered":"http:\/\/blog.santibluebell.es\/?page_id=73"},"modified":"2016-08-08T11:12:44","modified_gmt":"2016-08-08T11:12:44","slug":"proyectos-compartidos","status":"publish","type":"page","link":"http:\/\/blog.santibluebell.es\/?page_id=73","title":{"rendered":"Proyectos compartidos"},"content":{"rendered":"<h4>Esta es la secci\u00f3n de proyectos compartidos, donde se subir\u00e1n proyectos totalmente COMPLETOS (es decir, con la soluci\u00f3n de Visual Studio). Ya que creemos que algunos proyectos pueden ayudar a entender conceptos concretos de la programaci\u00f3n en .NET. (como por ejemplo; conexi\u00f3n con bases de datos de una forma m\u00e1s sencilla)<\/h4>\n<p>&nbsp;<\/p>\n","protected":false},"excerpt":{"rendered":"<p>Esta es la secci\u00f3n de proyectos compartidos, donde se subir\u00e1n proyectos totalmente COMPLETOS (es decir, con la soluci\u00f3n de Visual Studio). Ya que creemos que algunos proyectos pueden ayudar a entender conceptos concretos de la programaci\u00f3n en .NET. (como por ejemplo; conexi\u00f3n con bases de datos de una forma m\u00e1s sencilla) &nbsp;<\/p>\n","protected":false},"author":1,"featured_media":0,"parent":0,"menu_order":0,"comment_status":"closed","ping_status":"closed","template":"","meta":[],"_links":{"self":[{"href":"http:\/\/blog.santibluebell.es\/index.php?rest_route=\/wp\/v2\/pages\/73"}],"collection":[{"href":"http:\/\/blog.santibluebell.es\/index.php?rest_route=\/wp\/v2\/pages"}],"about":[{"href":"http:\/\/blog.santibluebell.es\/index.php?rest_route=\/wp\/v2\/types\/page"}],"author":[{"embeddable":true,"href":"http:\/\/blog.santibluebell.es\/index.php?rest_route=\/wp\/v2\/users\/1"}],"replies":[{"embeddable":true,"href":"http:\/\/blog.santibluebell.es\/index.php?rest_route=%2Fwp%2Fv2%2Fcomments&post=73"}],"version-history":[{"count":1,"href":"http:\/\/blog.santibluebell.es\/index.php?rest_route=\/wp\/v2\/pages\/73\/revisions"}],"predecessor-version":[{"id":76,"href":"http:\/\/blog.santibluebell.es\/index.php?rest_route=\/wp\/v2\/pages\/73\/revisions\/76"}],"wp:attachment":[{"href":"http:\/\/blog.santibluebell.es\/index.php?rest_route=%2Fwp%2Fv2%2Fmedia&parent=73"}],"curies":[{"name":"wp","href":"https:\/\/api.w.org\/{rel}","templated":true}]}}